039443 a prime number?
False
Is 391817 a composite number?
False
Is 398886431 a composite number?
True
Is 4480107 composite?
True
Is 17848165 prime?
False
Is 7440649 a prime number?
True
Is 3652003 a prime number?
False
Is 11800717 a composite number?
False
Is 28208491 composite?
True
Is 53561363 composite?
True
Is 14654881 a prime number?
True
Is 35059139 a prime number?
True
Is 8028277 a composite number?
False
Is 1952455307 prime?
False
Is 352004303 composite?
True
Is 941263 a prime number?
True
Is 4539289 a composite number?
True
Is 786258439 composite?
False
Is 264329 a prime number?
False
Is 14308741 a prime number?
True
Is 11539267 composite?
False
Is 131285191 a prime number?
True
Is 7846789 a prime number?
True
Is 6527135 a composite number?
True
Is 73209083 prime?
False
Is 9776629 prime?
False
Is 22452877 a composite number?
False
Is 117200383 prime?
False
Is 14616269 a prime number?
True
Is 57150629 prime?
True
Is 112075411 composite?
True
Is 2207861 prime?
True
Is 45032317 a prime number?
False
Is 14783537 prime?
False
Is 19703753 composite?
True
Is 10076953 prime?
False
Is 352598291 composite?
False
Is 1910939 composite?
True
Is 189985321 a prime number?
True
Is 3704853 composite?
True
Is 90700859 composite?
True
Is 392229091 a composite number?
False
Is 40900285 a prime number?
False
Is 40805249 prime?
True
Is 11426749 a composite number?
False
Is 298457 prime?
False
Is 3912473 prime?
False
Is 13151017 composite?
True
Is 32429477 composite?
False
Is 293543 composite?
False
Is 41363623 a prime number?
False
Is 25951213 composite?
False
Is 20436613 a composite number?
False
Is 1527343 prime?
False
Is 32682799 a prime number?
True
Is 44211767 a composite number?
False
Is 4785707 composite?
False
Is 297874949 a composite number?
False
Is 36410111 prime?
False
Is 1204940177 a composite number?
True
Is 19412291 prime?
True
Is 11535899 a composite number?
False
Is 41401985 prime?
False
Is 1058313 composite?
True
Is 374567827 a composite number?
False
Is 9855683 composite?
True
Is 311052851 a prime number?
False
Is 11269259 composite?
False
Is 60994013 composite?
False
Is 4148233 a composite number?
False
Is 593983 a composite number?
True
Is 101314069 a prime number?
True
Is 286805227 prime?
False
Is 2952881 a prime number?
True
Is 217194823 prime?
True
Is 412975687 composite?
True
Is 174255683 composite?
True
Is 5566291 composite?
False
Is 7400629 prime?
False
Is 485761 a prime number?
False
Is 144722707 a composite number?
True
Is 5898457 prime?
True
Is 38567561 composite?
False
Is 913243 prime?
False
Is 1869029 a prime number?
True
Is 13081031 a prime number?
True
Is 4354807 a composite number?
False
Is 4904803 prime?
True
Is 229528249 composite?
False
Is 54941693 composite?
False
Is 243619 composite?
True
Is 127517783 prime?
True
Is 498680345 a prime number?
False
Is 195696989 composite?
False
Is 950867 a composite number?
False
Is 111479 prime?
False
Is 19903529 prime?
True
Is 492599 a prime number?
False
Is 9190861 composite?
False
Is 13261 prime?
False
Is 662507 a composite number?
True
Is 74551423 composite?
True
Is 530285077 prime?
False
Is 76456891 a composite number?
True
Is 114629183 composite?
False
Is 779279 prime?
False
Is 705737 a composite number?
False
Is 30199361 prime?
False
Is 132497 prime?
False
Is 318398649 composite?
True
Is 1558501 composite?
True
Is 64892521 a composite number?
True
Is 139295939 composite?
True
Is 3253013 composite?
False
Is 9966001 a prime number?
True
Is 7085797 prime?
True
Is 2190959 prime?
True
Is 4016549 composite?
False
Is 60497573 prime?
True
Is 52978949 a prime number?
True
Is 216385739 a composite number?
False
Is 73358697 prime?
False
Is 605443 composite?
False
Is 3777509 prime?
True
Is 1419469 composite?
False
Is 2567813 a composite number?
True
Is 6573697 a composite number?
True
Is 6834193 prime?
True
Is 24369 a prime number?
False
Is 47079337 a composite number?
True
Is 50884381 a composite number?
False
Is 121018481 prime?
True
Is 19572637 a composite number?
True
Is 14606017 a composite number?
False
Is 76000531 composite?
True
Is 1343413 a composite number?
False
Is 304350611 a composite number?
False
Is 11271983 prime?
True
Is 4048351 a prime number?
False
Is 4153789 composite?
True
Is 25350257 composite?
True
Is 159964621 prime?
True
Is 204159353 a prime number?
False
Is 21895457 prime?
True
Is 249643379 a composite number?
False
Is 57347987 a composite number?
True
Is 7896297 a prime number?
False
Is 10257847 a composite number?
True
Is 109956167 composite?
True
Is 1572141 a prime number?
False
Is 94116751 a prime number?
True
Is 142151 a composite number?
False
Is 41500619 prime?
True
Is 7719703733 prime?
False
Is 193754503 a prime number?
True
Is 1179797 a prime number?
True
Is 46993249 a composite number?
True
Is 120305 prime?
False
Is 10018951 composite?
True
Is 168118105 a composite number?
True
Is 2065781 composite?
True
Is 16465357 a composite number?
False
Is 15381187 prime?
True
Is 4813361 prime?
False
Is 343347341 composite?
True
Is 84750691 composite?
True
Is 114620029 composite?
False
Is 1620803 a prime number?
True
Is 18154121 composite?
True
Is 7644787 a composite number?
True
Is 10855109 prime?
True
Is 11980457 prime?
True
Is 6889877 prime?
False
Is 41119 a composite number?
True
Is 114448603 composite?
False
Is 50729585 composite?
True
Is 135556813 prime?
False
Is 26128955 a composite number?
True
Is 15392822 prime?
False
Is 3062291 composite?
False
Is 97507547 a composite number?
False
Is 1282219 prime?
False
Is 12720271 a composite number?
False
Is 7484153 prime?
False
Is 10608839 a prime number?
False
Is 31000373 a composite number?
True
Is 358195913 a prime number?
True
Is 36420301 a prime number?
True
Is 13542717 composite?
True
Is 5093167 a prime number?
True
Is 2201233 a composite number?
True
Is 24854873 prime?
True
Is 142686469 composite?
False
Is 18529493 prime?
True
Is 8190803 composite?
True
Is 165879185 prime?
False
Is 208886789 composite?
False
Is 25759271 a composite number?
False
Is 144168007 prime?
False
Is 220376743 composite?
False
Is 31564429 a composite number?
True
Is 128215793 a prime number?
True
Is 42294421 prime?
False
Is 5977715 prime?
False
Is 81914779 prime?
True
Is 46752569 composite?
False
Is 956482 prime?
False
Is 6538699 a prime number?
False
Is 3607457 prime?
False
Is 52768489 a composite number?
False
Is 601219 a prime number?
True
Is 5709367 a composite number?
True
Is 11270659 prime?
True
Is 31811158 a prime number?
False
Is 37006441 composite?
True
Is 280993 composite?
True
Is 1544567 a prime number?
False
Is 681651727 prime?
False
Is 6124103 prime?
False
Is 7098379 composite?
False
Is 38415841 prime?
False
Is 378291151 prime?
False
Is 14145493 composite?
False
Is 3997843 a prime number?
False
Is 10261 a prime number?
False
Is 7322807 composite?
False
Is 31042421 a prime number?
True
Is 50872537 prime?
False
Is 908249 a composite number?
False
Is 14990137 a composite number?
True
Is 1130371 prime?
False
Is 123968557 prime?
False
Is 103824877 prime?
False
Is 37284985 a prime number?
False
Is 9527549 a composite number?
False
Is 17994909 prime?
False
Is 7104203 composite?
True
Is 183191039 prime?
True
Is 7235171 prime?
False
Is 5604451 a prime number?
True
Is 1744229 a prime number?
False
Is 277775677 composite?
False
Is 26512679 composite?
False
Is 18068137 a prime number?
True
Is 3564107 prime?
False
Is 2467133 a composite number?
False
Is 173427719 composite?
True
Is 9967279 a composite number?
True
Is 27600917 composite?
True
Is 7138297 prime?
True
Is 224968349 prime?
True
Is 10343185 a composite number?
True
Is 12174541 a composite number?
False
Is 15879907 composite?
True
Is 88752089 a prime number?
False
Is 28052887 a prime number?
False
Is 9937481 composite?
False
Is 24384167 composite?
False
Is 46788689 a composite number?
False
Is 11289559 prime?
True
Is 406093777 composite?
False
Is 17953435 a composite number?
True
Is 537782291 prime?
True
Is 5761837 a composite number?
False
Is 187727 a prime number?
False
Is 1032911 a composite number?
True
Is 839303 a prime number?
True
Is 8814941 composite?
False
Is 8230331 composite?
False
Is 22761341 a composite number?
True
Is 27058003 a composite number?
True
Is 222